r when t(x) is divided by h?
4
Let x(k) be the third derivative of k**5/60 - k**4/24 - k**3/6 + k**2. What is the remainder when x(-2) is divided by (1*6/10)/(1/5)?
2
Suppose -l - f + 26 = f, -5*f - 33 = -l. Suppose -2*d = -6*d - l. Let i = 14 + d. Calculate the remainder when i is divided by 3.
1
Suppose 2*h + 0*h - 162 = 0. Suppose -h = 6*g - 231. Calculate the remainder when 72 is divided by g.
22
Let c = 45 + 17. Let d = 35 - 63. Let t = -7 - d. Calculate the remainder when c is divided by t.
20
Suppose 25 = 4*y + 9. Let c be (4/(-6))/(1/(-3)). Let n = c - -8. What is the remainder when n is divided by y?
2
Let f = -6 + 5. Calculate the remainder when (12 - f)/(0 + 1) is divided by 7.
6
Suppose -3*p - 2*p - 165 = 0. Let k be (-2)/6*(0 - 159). Let v = p + k. What is the remainder when 59 is divided by v?
19
Let s(q) = -q**2 + 17*q - 34. What is the remainder when 151 is divided by s(8)?
37
Suppose i = -4*l + 4*i + 24, -5*i = l + 17. Suppose -l*n = -3*b + 2*n + 9, 3*b - 9 = -2*n. What is the remainder when 7 is divided by b?
1
Let b be (-2)/10 - (-42)/35. Calculate the remainder when 42 is divided by (3/b + -14)/(-1).
9
Let p(k) = -k**2 - 11*k - 3. Calculate the remainder when 57 is divided by p(-9).
12
Suppose 0*r + r = 5. Suppose -3*s = 0, -s = r*o - 4*s - 35. Suppose -2*c + 6 = -0*c + 5*n, c + 3*n - 1 = 0. What is the remainder when c is divided by o?
6
Let w = -7 + 16. Let q(m) = 0 + m**2 + 0*m + w*m**3 - 2*m + 1. Calculate the remainder when 17 is divided by q(1).
8
Let d = 14 - -8. Suppose -d = 3*t - 106. What is the remainder when t is divided by 10?
8
Let a(x) = x**2 - 6*x + 5. Let j be a(4). Calculate the remainder when (1 + 0)/(j/(-93)) is divided by 11.
9
Let y = 18 + -32. Let v = y + 25. Calculate the remainder when 21 is divided by v.
10
Suppose -2*l + 42 - 12 = -3*g, 5*l - 4*g - 61 = 0. Calculate the remainder when l is divided by ((-47 + 2)/3)/((-18)/6).
4
Suppose 1 = c - 1. Suppose c = 2*p - 32. Let m = 3 + p. Calculate the remainder when 59 is divided by m.
19
Let b(m) = -7*m**3 - 5*m**2 - 1. What is the remainder when b(-3) is divided by 36?
35
Suppose v + 3*v - 5*z = 176, -3*v + 139 = -2*z. What is the remainder when v is divided by 13?
10
Suppose y - 4 = 4*n - 3, 4*n = 4. What is the remainder when 26 is divided by y?
1
Suppose 5*i - t = -2*t + 39, 4*i - 5*t = 8. Let z = 92 - 65. What is the remainder when z is divided by i?
6
Let u be (-38)/(-6) - (-2)/(-6). What is the remainder when (-76)/(-8)*(4 - 2) is divided by (66/u)/(0 + 1)?
8
Let i(u) be the third derivative of u**6/20 - u**5/60 + u**4/24 + u**3/6 + 2*u**2. What is the remainder when i(2) is divided by 16?
15
Let c(p) = 42*p**2 + p. What is the remainder when c(1) is divided by (-2)/(8/6)*(-44)/6?
10
Let l(b) = 7*b + 1. Let f(g) = g - 1. Let y(t) = 6*f(t) - l(t). Let i be y(-7). Suppose -a + 3 + 10 = i. Calculate the remainder when 24 is divided by a.
11
Suppose 5*o - 3*o = 30. Calculate the remainder when 57 is divided by o.
12
Let j(k) = -k**2 + k - 7. Let m be j(0). Let f(w) = -w**3 - 8*w**2 - 7*w + 9. Let s be f(m). Let c = 4 + s. What is the remainder when c is divided by 5?
3
Let l(y) = -y**3 + 9. Calculate the remainder when l(0) is divided by (-2)/3 + 51/9.
4
Let y = 49 + -33. Let p(v) = -8*v + 10. Let r(c) = 7*c - 9. Let l(j) = -2*p(j) - 3*r(j). Calculate the remainder when l(-8) is divided by y.
15
Suppose -3*q - 16 = -5*u, 0*q = -2*q - 3*u + 21. Suppose 3 + 6 = q*o. Calculate the remainder when o is divided by 1.
0
Let a(p) = 3*p + 5. What is the remainder when 128 is divided by a(7)?
24
Suppose -46 = -5*b - 6. Let j = b - -15. Calculate the remainder when j is divided by 12.
11
Let m(s) = -2*s - 1. Let j(c) = -13*c**3 + 2*c**2 - 1. Let f = 9 + -10. Calculate the remainder when j(f) is divided by m(-3).
4
What is the remainder when 17655/99 - (-8)/(-6) is divided by 36?
33
Calculate the remainder when 71 is divided by (-27)/(3/6*-3).
17
Suppose s - 3*d - 45 = -0*s, -5*d - 215 = -5*s. Let n = s - 28. Calculate the remainder when 25 is divided by n.
11
Let s(l) = -l**3 - 11*l**2 - 10*l + 17. Calculate the remainder when 33 is divided by s(-10).
16
Suppose 90 = -7*s + 370. Calculate the remainder when s is divided by 14.
12
Let n(z) = -z + 5. Suppose 3*o = 7*o. Calculate the remainder when 12 is divided by n(o).
2
Let d be 255/((-9)/(-3)) - 0. Suppose 5*f - 2*s - 34 - 26 = 0, -5*f + d = 3*s. What is the remainder when 27 is divided by f?
13
Let v(h) = 23*h**3 + h**2 - 3*h + 2. Suppose 4*w = -173 + 1. Let u = -31 - w. What is the remainder when v(1) is divided by u?
11
Let v(r) = r**2 - 6. Suppose -u = 2*p - 2*u - 11, -5*p + 14 = 2*u. Calculate the remainder when v(-5) is divided by (p/(-8))/(2/(-44)).
8
Let r(w) = -19*w + 17 - 2*w**2 - 40 + w**3 + 17*w**2. Suppose -u - 73 = -2*u. Calculate the remainder when u is divided by r(-16).
23
Let d(u) = u**2 - 6*u - 9. What is the remainder when 13 is divided by d(8)?
6
Suppose -42 = -2*x - 2*v, -4*v + 3 + 6 = x. What is the remainder when 44 is divided by x?
19
Let y be (1 + -4)/((-3)/15). Let q = 34 - y. Calculate the remainder when 55 is divided by q.
17
Suppose -190 = -3*p + 539. Suppose -7*g + p = -3*g + 5*s, g - 66 = 4*s. What is the remainder when g is divided by 21?
20
Let o = 129 - 40. Calculate the remainder when o is divided by 30.
29
Suppose u + u + 4*y - 12 = 0, 0 = u + 5*y - 12. Suppose 0 = -2*x - d + 29, 0 = 3*x + u*x + 5*d - 85. What is the remainder when 23 is divided by x?
11
Let l = -22 - -48. What is the remainder when 50 is divided by l?
24
Suppose -3*t - 4*k - 3 = -30, 0 = -2*t + 4*k + 18. Calculate the remainder when 25 is divided by t.
7
Let f(o) = o**3 + 6*o**2 - o - 4. Calculate the remainder when 76 is divided by f(-3).
24
Suppose 2*v = 0, -v - 365 = -5*m + 3*v. Calculate the remainder when m is divided by 25.
23
Suppose -15 = -a + 4*c, 192 = 5*a - 2*c + 63. Suppose -3*y - 45 = -6*y. What is the remainder when a is divided by y?
12
Suppose 5*a = -5*s + 65, -2*s = -4*a - 4*s + 44. What is the remainder when 13 is divided by a?
4
Suppose -5*x = -4*c - 61, -4*x + 2*c + 62 = 12. Suppose 0 = 3*d - 0*d + 6. What is the remainder when (-8)/d*75/12 is divided by x?
12
Suppose -4*d - 19 = -67. Calculate the remainder when 22 is divided by d.
10
Let d(c) = c**2 + 5*c - 5. What is the remainder when d(-10) is divided by 23?
22
Let x(w) = w**3 + 7*w**2 + 5*w + 5. What is the remainder when 30 is divided by x(-6)?
8
Suppose -8*m = -4*m - 208. What is the remainder when m is divided by 18?
16
Suppose 0 = -0*g - 5*g - 160. Let u = 105 + g. Calculate the remainder when u is divided by 25.
23
Suppose 0 = 4*h - 63 - 41. What is the remainder when 77 is divided by h?
25
Calculate the remainder when (-3)/(-5) + (-1536)/(-15) is divided by 26.
25
Suppose -t = -5*a + 6, 4*t = 5*t - 2*a. Suppose -t*q + 68 = -0*l + 3*l, 0 = 4*q - 4*l - 68. Calculate the remainder when q is divided by 5.
2
Suppose -44 = -2*h - 10. Let v(p) = -p**2 - 10*p - 7. Calculate the remainder when h is divided by v(-8).
8
Let k(x) = x**3 + 9*x**2 - 2*x - 13. Suppose r = -4 - 5. Let d be k(r). Suppose 0 = d*n - 0*n - 55. What is the remainder when 20 is divided by n?
9
Let d(w) = -2*w**2 - 10*w - 12. Let x be d(-7). Let r = 72 + x. What is the remainder when r is divided by 17?
15
Let c be 38/(-6) + (-2)/(-6). Let u = 15 + c. Suppose -4*z + 46 + 18 = 0. What is the remainder when z is divided by u?
7
Let i(m) = -m**2 - 38. Let y be i(0). Let a = y + 78. Calculate the remainder when a is divided by 14.
12
Let i(q) = -q**3 + 15*q**2 + 18. Suppose -m - 1 + 35 = 0. Calculate the remainder when m is divided by i(15).
16
Suppose 4*m - 5*m = -w - 15, -2*m + w = -29. What is the remainder when 41 is divided by m?
13
Suppose 5*d + 10 = 75. Calculate the remainder when d is divided by 3.
1
Let x be (3/(-3) + -2)/(-3). Let i(s) = 2*s. Calculate the remainder when i(x) is divided by 2.
0
Calculate the remainder when 50 is divided by 17*1 + (-11 - -7).
11
Let i be (-4)/18 + 74/9. Suppose 0 = -3*m + 55 + i. Calculate the remainder when 40 is divided by m.
19
Calculate the remainder when 121 is divided by (93/(-5 - -2))/(-1).
28
Let p = 2 + 17. Calculate the remainder when p is divided by (-4)/12 - (-22)/3.
5
Let s = 33 - 22. Suppose 4*y = -y + 10